e prime factors of 947989728.
2, 3, 7, 37, 71, 179
List the prime factors of 2874948.
2, 3, 239579
What are the prime factors of 3618770548?
2, 904692637
List the prime factors of 2219822536.
2, 277477817
List the prime factors of 320121060.
2, 3, 5, 7, 53, 73, 197
List the prime factors of 325468444.
2, 7, 11623873
What are the prime factors of 317119275?
3, 5, 11, 17, 7537
List the prime factors of 145814905.
5, 463, 62987
What are the prime factors of 524175856?
2, 32760991
List the prime factors of 23151071.
43, 538397
List the prime factors of 5246723932.
2, 173, 373, 20327
List the prime factors of 47869972.
2, 2267, 5279
What are the prime factors of 1751042822?
2, 163, 5371297
What are the prime factors of 93219710?
2, 5, 541, 17231
List the prime factors of 1230636313.
1230636313
What are the prime factors of 33351984?
2, 3, 231611
List the prime factors of 200567667.
3, 19, 277, 12703
List the prime factors of 8456238575.
5, 659, 513277
List the prime factors of 6787283.
241, 28163
List the prime factors of 305533663.
305533663
List the prime factors of 1153603658.
2, 19, 157, 10177
List the prime factors of 2784048703.
2521, 1104343
What are the prime factors of 14197924?
2, 13, 17, 16061
List the prime factors of 48546670.
2, 5, 4854667
List the prime factors of 277632435.
3, 5, 31, 597059
List the prime factors of 5723061.
3, 1907687
What are the prime factors of 541942359?
3, 7, 25806779
List the prime factors of 341123749.
809, 421661
List the prime factors of 12701595.
3, 5, 19, 41, 1087
List the prime factors of 1456988783.
1013, 1438291
List the prime factors of 1437929132.
2, 359482283
What are the prime factors of 213057322?
2, 37, 223, 12911
List the prime factors of 1220078504.
2, 152509813
List the prime factors of 185627654.
2, 67, 71, 109, 179
What are the prime factors of 649407652?
2, 162351913
List the prime factors of 63010974.
2, 3, 13, 62141
What are the prime factors of 354135556?
2, 73, 1212793
What are the prime factors of 548239458?
2, 3, 13, 7028711
What are the prime factors of 5591441492?
2, 7, 13, 15361103
List the prime factors of 35694936.
2, 3, 37, 13399
What are the prime factors of 129541583?
107, 137, 8837
What are the prime factors of 109027027?
1789, 60943
What are the prime factors of 4956282249?
3, 1652094083
What are the prime factors of 425363631?
3, 7, 11, 1841401
What are the prime factors of 3689343871?
3689343871
List the prime factors of 548985319.
548985319
What are the prime factors of 1062157034?
2, 1699, 312583
List the prime factors of 353040088.
2, 17, 37, 4127
What are the prime factors of 1942708923?
3, 73, 2956939
What are the prime factors of 537457619?
79, 83, 81967
List the prime factors of 1155491402.
2, 13, 61, 728557
List the prime factors of 1321316441.
31, 101, 397, 1063
What are the prime factors of 596110455?
3, 5, 4415633
What are the prime factors of 68814198?
2, 3, 17, 8329
What are the prime factors of 644001231?
3, 29, 7402313
What are the prime factors of 87185478?
2, 3, 131, 110923
List the prime factors of 76507610.
2, 5, 7650761
What are the prime factors of 22415563?
839, 26717
What are the prime factors of 750335183?
13, 29, 1990279
What are the prime factors of 464488?
2, 58061
List the prime factors of 62522564.
2, 13, 92489
List the prime factors of 54671515.
5, 10934303
List the prime factors of 2462184065.
5, 11, 19, 47, 50131
What are the prime factors of 37998583?
7, 277, 19597
What are the prime factors of 1135692543?
3, 107, 3537983
What are the prime factors of 376337126?
2, 11, 17, 1006249
List the prime factors of 293486565.
3, 5, 47, 283, 1471
What are the prime factors of 48398483?
7, 6914069
List the prime factors of 928076396.
2, 13, 43, 415061
List the prime factors of 154638401.
409, 378089
What are the prime factors of 3565451932?
2, 7, 743, 171383
List the prime factors of 128558997.
3, 7, 19, 67, 229
What are the prime factors of 165844193?
167, 993079
What are the prime factors of 63533374?
2, 29, 1095403
List the prime factors of 42597332.
2, 1237, 8609
List the prime factors of 79448213.
13, 37, 165173
What are the prime factors of 315597651?
3, 23, 577, 7927
What are the prime factors of 103324414?
2, 101, 511507
What are the prime factors of 1316163345?
3, 5, 7, 19, 41, 16091
List the prime factors of 3177929120.
2, 5, 2141, 9277
What are the prime factors of 68781623?
68781623
What are the prime factors of 85120954?
2, 67, 641, 991
List the prime factors of 4899811976.
2, 73, 8390089
What are the prime factors of 6724075?
5, 101, 2663
List the prime factors of 766007104.
2, 73, 127, 1291
List the prime factors of 441323429.
547, 806807
List the prime factors of 161293030.
2, 5, 3719, 4337
What are the prime factors of 1395514232?
2, 7, 24919897
List the prime factors of 440867529.
3, 59, 92251
List the prime factors of 2386690072.
2, 13, 22948943
What are the prime factors of 1529030531?
7, 218432933
What are the prime factors of 39082960?
2, 5, 7, 101, 691
What are the prime factors of 859571425?
5, 17, 179, 11299
List the prime factors of 1200282365.
5, 17, 97, 145577
What are the prime factors of 32069108?
2, 109, 73553
What are the prime factors of 44978900?
2, 5, 97, 4637
What are the prime factors of 597497050?
2, 5, 89, 134269
List the prime factors of 195975919.
1213, 161563
What are the prime factors of 158770544?
2, 347, 28597
List the prime factors of 2619175396.
2, 654793849
List the prime factors of 222921034.
2, 7, 17, 19, 49297
List the prime factors of 57738860.
2, 5, 617, 4679
What are the prime factors of 3892395?
3, 5, 13, 19961
What are the prime factors of 1246457485?
5, 7, 13, 1217, 2251
What are the prime factors of 62063237?
2903, 21379
List the prime factors of 31738597.
11, 23, 331, 379
What are the prime factors of 50744604?
2, 3, 233, 18149
What are the prime factors of 137633271?
3, 1013, 45289
List the prime factors of 75911710.
2, 5, 7, 127, 8539
List the prime factors of 7402107124.
2, 349, 5302369
List the prime factors of 51161751.
3, 5684639
List the prime factors of 8619920947.
11, 137, 5719921
List the prime factors of 11717389.
643, 18223
List the prime factors of 10587993.
3, 13, 73, 3719
List the prime factors of 3304752591.
3, 7, 157369171
What are the prime factors of 634032976?
2, 1873, 21157
What are the prime factors of 415686044?
2, 41, 2534671
What are the prime factors of 74270264?
2, 419, 22157
What are the prime factors of 140927414?
2, 29, 41, 59263
What are the prime factors of 203672793?
3, 67890931
List the prime factors of 110371723.
7, 11, 311, 419
List the prime factors of 260700684.
2, 3, 853, 25469
What are the prime factors of 368916553?
181, 269, 7577
What are the prime factors of 38779063?
4111, 9433
What are the prime factors of 393721352?
2, 49215169
List the prime factors of 117493831.
7, 13, 317, 4073
List the prime factors of 201933255.
3, 5, 547, 24611
What are the prime factors of 555412744?
2, 69426593
List the prime factors of 25356275.
5, 7, 2957
What are the prime factors of 115804506?
2, 3, 19, 1015829
List the prime factors of 912367608.
2, 3, 29, 37, 71, 499
What are the prime factors of 1888798719?
3, 17, 37035269
List the prime factors of 168940372.
2, 37, 47, 149, 163
List the prime factors of 255037541.
11, 97, 239023
What are the prime factors of 379419808?
2, 691, 17159
What are the prime factors of 13436370?
2, 3, 5, 23, 6491
What are the prime factors of 239428301?
7, 97, 352619
What are the prime factors of 54382833?
3, 23, 29191
What are the prime factors of 4510843209?
3, 311, 537197
List the prime factors of 78067578.
2, 3, 677, 19219
What are the prime factors of 217892564?
2, 47, 761, 1523
List the prime factors of 29458802.
2, 14729401
List the prime factors of 4340339248.
2, 7, 59, 103, 911
List the prime factors of 48453848.
2, 6056731
List the prime factors of 6108420807.
3, 17, 39924319
List the prime factors of 882261529.
17, 51897737
What are the prime factors of 272545783?
71, 311, 12343
What are the prime factors of 109661552?
2, 7, 11, 13, 41, 167
List the prime factors of 15830299.
227, 69737
What are the prime factors of 1087617819?
3, 362539273
What are the prime factors of 1308933?
3, 48479
What are the prime factors of 76144